{"id":4083,"date":"2023-01-11T20:14:42","date_gmt":"2023-01-11T23:14:42","guid":{"rendered":"https:\/\/perspectivacrista.com\/site\/?page_id=4083"},"modified":"2023-01-12T08:13:31","modified_gmt":"2023-01-12T11:13:31","slug":"programacao","status":"publish","type":"page","link":"https:\/\/perspectivacrista.com\/site\/programacao\/","title":{"rendered":"Programa\u00e7\u00e3o"},"content":{"rendered":"\n<h3 class=\"wp-block-heading\">Confira nossa programa\u00e7\u00e3o di\u00e1ria<\/h3>\n\n\n\n<h6 class=\"wp-block-heading\"><\/h6>\n\n\n\n<figure class=\"wp-block-table has-medium-font-size\"><table><tbody><tr><td><strong><mark style=\"background-color:rgba(0, 0, 0, 0)\" class=\"has-inline-color has-luminous-vivid-orange-color\">00:00<\/mark><\/strong><\/td><td><strong><mark style=\"background-color:rgba(0, 0, 0, 0)\" class=\"has-inline-color has-black-color\">Prega\u00e7\u00e3o Reformada<\/mark><\/strong><br><sup>Prega\u00e7\u00f5es b\u00edblicas com pastores de confiss\u00e3o reformada.<\/sup><\/td><\/tr><tr><td><strong><mark style=\"background-color:rgba(0, 0, 0, 0)\" class=\"has-inline-color has-luminous-vivid-orange-color\">01:00<\/mark><\/strong><\/td><td><strong><mark style=\"background-color:rgba(0, 0, 0, 0)\" class=\"has-inline-color has-black-color\">Programa\u00e7\u00e3o Musical<\/mark><\/strong><br><sup>M\u00fasicas de qualidade e fundamentadas nas Escrituras.<\/sup><\/td><\/tr><tr><td><strong><mark style=\"background-color:rgba(0, 0, 0, 0)\" class=\"has-inline-color has-luminous-vivid-orange-color\">02:00<\/mark><\/strong><\/td><td><strong><mark style=\"background-color:rgba(0, 0, 0, 0)\" class=\"has-inline-color has-black-color\">TriviumCast<\/mark><\/strong><br><sup>Um podcast para pais educadores.<\/sup><\/td><\/tr><tr><td><strong><mark style=\"background-color:rgba(0, 0, 0, 0)\" class=\"has-inline-color has-luminous-vivid-orange-color\">02:20<\/mark><\/strong><\/td><td><strong><mark style=\"background-color:rgba(0, 0, 0, 0)\" class=\"has-inline-color has-black-color\">Grandes Perguntas<\/mark><\/strong><br><sup>Perguntas sobre quest\u00f5es pr\u00e1ticas com respostas a partir de uma perspectiva.<\/sup><\/td><\/tr><tr><td><strong><mark style=\"background-color:rgba(0, 0, 0, 0)\" class=\"has-inline-color has-luminous-vivid-orange-color\">02:40<\/mark><\/strong><\/td><td><span><mark style=\"background-color: rgba(0, 0, 0, 0);\" class=\"has-inline-color has-black-color\"><b>Leitura Compartilhada<\/b><\/mark><\/span><br><sup>Coment\u00e1rios e aplica\u00e7\u00f5es sobre obras relacionadas \u00e0 autoeduca\u00e7\u00e3o.<\/sup><\/td><\/tr><tr><td><strong><mark style=\"background-color:rgba(0, 0, 0, 0)\" class=\"has-inline-color has-luminous-vivid-orange-color\">03:00<\/mark><\/strong><\/td><td><span><mark style=\"background-color: rgba(0, 0, 0, 0);\" class=\"has-inline-color has-black-color\"><b>Palestras Edificantes<\/b><\/mark><\/span><br><sup>Palestras sobre teologia e sua aplica\u00e7\u00e3o \u00e0 vida crist\u00e3.<\/sup><\/td><\/tr><tr><td><strong><mark style=\"background-color:rgba(0, 0, 0, 0)\" class=\"has-inline-color has-luminous-vivid-orange-color\">04:20<\/mark><\/strong><\/td><td><span><mark style=\"background-color: rgba(0, 0, 0, 0);\" class=\"has-inline-color has-black-color\"><b>Masculinidade B\u00edblica<\/b><\/mark><\/span><br><sup>Uma s\u00e9rie em \u00e1udio com conselhos pr\u00e1ticos para homens de todas as idades.<\/sup><\/td><\/tr><tr><td><strong><mark style=\"background-color:rgba(0, 0, 0, 0)\" class=\"has-inline-color has-luminous-vivid-orange-color\">04:40<\/mark><\/strong><\/td><td><span><mark style=\"background-color: rgba(0, 0, 0, 0);\" class=\"has-inline-color has-black-color\"><b>Curso: A Miss\u00e3o da Igreja<\/b><\/mark><\/span><br><sub>Microli\u00e7\u00f5es do curso baseado na obra &#8220;A Miss\u00e3o do Povo de Deus&#8221;.<\/sub><\/td><\/tr><tr><td><strong><mark style=\"background-color:rgba(0, 0, 0, 0)\" class=\"has-inline-color has-luminous-vivid-orange-color\">05:00<\/mark><\/strong><\/td><td><strong><mark style=\"background-color:rgba(0, 0, 0, 0)\" class=\"has-inline-color has-black-color\">Prega\u00e7\u00e3o Reformada<\/mark><\/strong><br><sub>Prega\u00e7\u00f5es b\u00edblicas com pastores de confiss\u00e3o reformada.<\/sub><\/td><\/tr><tr><td><strong><mark style=\"background-color:rgba(0, 0, 0, 0)\" class=\"has-inline-color has-luminous-vivid-orange-color\">06:20<\/mark><\/strong><\/td><td><strong><mark style=\"background-color:rgba(0, 0, 0, 0)\" class=\"has-inline-color has-black-color\">Grandes Perguntas<\/mark><\/strong><br><sup>Perguntas sobre quest\u00f5es pr\u00e1ticas com respostas a partir de uma perspectiva.<\/sup><\/td><\/tr><tr><td><strong><mark style=\"background-color:rgba(0, 0, 0, 0)\" class=\"has-inline-color has-luminous-vivid-orange-color\">06:30<\/mark><\/strong><\/td><td><strong><mark style=\"background-color:rgba(0, 0, 0, 0)\" class=\"has-inline-color has-black-color\">Programa\u00e7\u00e3o Musical<\/mark><\/strong><br><sup>M\u00fasicas de qualidade e fundamentadas nas Escrituras.<\/sup><\/td><\/tr><tr><td><strong><mark style=\"background-color:rgba(0, 0, 0, 0)\" class=\"has-inline-color has-luminous-vivid-orange-color\">08:00<\/mark><\/strong><\/td><td><strong><mark style=\"background-color:rgba(0, 0, 0, 0)\" class=\"has-inline-color has-black-color\">TriviumCast<\/mark><\/strong><br><sup>Um podcast para pais educadores.<\/sup><\/td><\/tr><tr><td><strong><mark style=\"background-color:rgba(0, 0, 0, 0)\" class=\"has-inline-color has-luminous-vivid-orange-color\">09:00<\/mark><\/strong><\/td><td><strong><mark style=\"background-color:rgba(0, 0, 0, 0)\" class=\"has-inline-color has-black-color\">Grandes Perguntas<\/mark><\/strong><br><sup>Perguntas sobre quest\u00f5es pr\u00e1ticas com respostas a partir de uma perspectiva.<\/sup><\/td><\/tr><tr><td><strong><mark style=\"background-color:rgba(0, 0, 0, 0)\" class=\"has-inline-color has-luminous-vivid-orange-color\">10:00<\/mark><\/strong><\/td><td><span><mark style=\"background-color: rgba(0, 0, 0, 0);\" class=\"has-inline-color has-black-color\"><b>Leitura Compartilhada<\/b><\/mark><\/span><br><sup>Coment\u00e1rios e aplica\u00e7\u00f5es sobre obras relacionadas \u00e0 autoeduca\u00e7\u00e3o.<\/sup><\/td><\/tr><tr><td><strong><mark style=\"background-color:rgba(0, 0, 0, 0)\" class=\"has-inline-color has-luminous-vivid-orange-color\">11:00<\/mark><\/strong><\/td><td><span><mark style=\"background-color: rgba(0, 0, 0, 0);\" class=\"has-inline-color has-black-color\"><b>Masculinidade B\u00edblica<\/b><\/mark><\/span><br><sup>Uma s\u00e9rie em \u00e1udio com conselhos pr\u00e1ticos para homens de todas as idades.<\/sup><\/td><\/tr><tr><td><strong><mark style=\"background-color:rgba(0, 0, 0, 0)\" class=\"has-inline-color has-luminous-vivid-orange-color\">12:00<\/mark><\/strong><\/td><td><strong><mark style=\"background-color:rgba(0, 0, 0, 0)\" class=\"has-inline-color has-black-color\">Grandes Perguntas<\/mark><\/strong><br><sup>Perguntas sobre quest\u00f5es pr\u00e1ticas com respostas a partir de uma perspectiva.<\/sup><\/td><\/tr><tr><td><strong><mark style=\"background-color:rgba(0, 0, 0, 0)\" class=\"has-inline-color has-luminous-vivid-orange-color\">13:00<\/mark><\/strong><\/td><td><span><mark style=\"background-color: rgba(0, 0, 0, 0);\" class=\"has-inline-color has-black-color\"><b>Curso: A Miss\u00e3o da Igreja<\/b><\/mark><\/span><br><sub>Microli\u00e7\u00f5es do curso baseado na obra &#8220;A Miss\u00e3o do Povo de Deus&#8221;.<\/sub><\/td><\/tr><tr><td><strong><mark style=\"background-color:rgba(0, 0, 0, 0)\" class=\"has-inline-color has-luminous-vivid-orange-color\">14:00<\/mark><\/strong><\/td><td><span><mark style=\"background-color: rgba(0, 0, 0, 0);\" class=\"has-inline-color has-black-color\"><b>Palestras Edificantes<\/b><\/mark><\/span><br><sup>Palestras sobre teologia e sua aplica\u00e7\u00e3o \u00e0 vida crist\u00e3.<\/sup><\/td><\/tr><tr><td><strong><mark style=\"background-color:rgba(0, 0, 0, 0)\" class=\"has-inline-color has-luminous-vivid-orange-color\">15:00<\/mark><\/strong><\/td><td><strong><mark style=\"background-color:rgba(0, 0, 0, 0)\" class=\"has-inline-color has-black-color\">Programa\u00e7\u00e3o Musical<\/mark><\/strong><br><sup>M\u00fasicas de qualidade e fundamentadas nas Escrituras.<\/sup><\/td><\/tr><tr><td><strong><mark style=\"background-color:rgba(0, 0, 0, 0)\" class=\"has-inline-color has-luminous-vivid-orange-color\">16:00<\/mark><\/strong><\/td><td><strong><mark style=\"background-color:rgba(0, 0, 0, 0)\" class=\"has-inline-color has-black-color\">Prega\u00e7\u00e3o Reformada<\/mark><\/strong><br><sup>Prega\u00e7\u00f5es b\u00edblicas com pastores de confiss\u00e3o reformada.<\/sup><\/td><\/tr><tr><td><strong><mark style=\"background-color:rgba(0, 0, 0, 0)\" class=\"has-inline-color has-luminous-vivid-orange-color\">17:00<\/mark><\/strong><\/td><td><strong><mark style=\"background-color:rgba(0, 0, 0, 0)\" class=\"has-inline-color has-black-color\">Programa\u00e7\u00e3o Musical<\/mark><\/strong><br><sup>M\u00fasicas de qualidade e fundamentadas nas Escrituras.<\/sup><\/td><\/tr><tr><td><strong><mark style=\"background-color:rgba(0, 0, 0, 0)\" class=\"has-inline-color has-luminous-vivid-orange-color\">18:00<\/mark><\/strong><\/td><td><strong><mark style=\"background-color:rgba(0, 0, 0, 0)\" class=\"has-inline-color has-black-color\">Grandes Perguntas<\/mark><\/strong><br><sup>Perguntas sobre quest\u00f5es pr\u00e1ticas com respostas a partir de uma perspectiva.<\/sup><\/td><\/tr><tr><td><strong><mark style=\"background-color:rgba(0, 0, 0, 0)\" class=\"has-inline-color has-luminous-vivid-orange-color\">18:15<\/mark><\/strong><\/td><td><strong><mark style=\"background-color:rgba(0, 0, 0, 0)\" class=\"has-inline-color has-black-color\">Programa\u00e7\u00e3o Musical<\/mark><\/strong><br><sup>M\u00fasicas de qualidade e fundamentadas nas Escrituras.<\/sup><\/td><\/tr><tr><td><strong><mark style=\"background-color:rgba(0, 0, 0, 0)\" class=\"has-inline-color has-luminous-vivid-orange-color\">20:00<\/mark><\/strong><\/td><td><strong><mark style=\"background-color:rgba(0, 0, 0, 0)\" class=\"has-inline-color has-black-color\">TriviumCast<\/mark><\/strong><br><sup>Um podcast para pais educadores.<\/sup><\/td><\/tr><tr><td><strong><mark style=\"background-color:rgba(0, 0, 0, 0)\" class=\"has-inline-color has-luminous-vivid-orange-color\">20:20<\/mark><\/strong><\/td><td><strong><mark style=\"background-color:rgba(0, 0, 0, 0)\" class=\"has-inline-color has-black-color\">Grandes Perguntas<\/mark><\/strong><br><sup>Perguntas sobre quest\u00f5es pr\u00e1ticas com respostas a partir de uma perspectiva.<\/sup><\/td><\/tr><tr><td><strong><mark style=\"background-color:rgba(0, 0, 0, 0)\" class=\"has-inline-color has-luminous-vivid-orange-color\">20:40<\/mark><\/strong><\/td><td><span><mark style=\"background-color: rgba(0, 0, 0, 0);\" class=\"has-inline-color has-black-color\"><b>Leitura Compartilhada<\/b><\/mark><\/span><br><sup>Coment\u00e1rios e aplica\u00e7\u00f5es sobre obras relacionadas \u00e0 autoeduca\u00e7\u00e3o.<\/sup><\/td><\/tr><tr><td><strong><mark style=\"background-color:rgba(0, 0, 0, 0)\" class=\"has-inline-color has-luminous-vivid-orange-color\">21:00<\/mark><\/strong><\/td><td><span><mark style=\"background-color: rgba(0, 0, 0, 0);\" class=\"has-inline-color has-black-color\"><b>Masculinidade B\u00edblica<\/b><\/mark><\/span><br><sup>Uma s\u00e9rie em \u00e1udio com conselhos pr\u00e1ticos para homens de todas as idades.<\/sup><\/td><\/tr><tr><td><strong><mark style=\"background-color:rgba(0, 0, 0, 0)\" class=\"has-inline-color has-luminous-vivid-orange-color\">21:20<\/mark><\/strong><\/td><td><span><mark style=\"background-color: rgba(0, 0, 0, 0);\" class=\"has-inline-color has-black-color\"><b>Curso: A Miss\u00e3o da Igreja<\/b><\/mark><\/span><br><sub>Microli\u00e7\u00f5es do curso baseado na obra &#8220;A Miss\u00e3o do Povo de Deus&#8221;.<\/sub><\/td><\/tr><tr><td><strong><mark style=\"background-color:rgba(0, 0, 0, 0)\" class=\"has-inline-color has-luminous-vivid-orange-color\">21:40<\/mark><\/strong><\/td><td><strong><mark style=\"background-color:rgba(0, 0, 0, 0)\" class=\"has-inline-color has-black-color\">Programa\u00e7\u00e3o Musical<\/mark><\/strong><br><sup>M\u00fasicas de qualidade e fundamentadas nas Escrituras.<\/sup><\/td><\/tr><\/tbody><\/table><\/figure>\n\n\n\n<h6 class=\"wp-block-heading\">Observa\u00e7\u00f5es:<\/h6>\n\n\n\n<ol>\n<li>Entre um programa e outro voc\u00ea ouve nossa programa\u00e7\u00e3o musical.<\/li>\n\n\n\n<li>Durante a programa\u00e7\u00e3o, a cada 20 minutos, voc\u00ea ouve o trecho de uma das confiss\u00f5es reformadas.<\/li>\n\n\n\n<li>Em breve durante nossa programa\u00e7\u00e3o voc\u00ea tamb\u00e9m ouvir\u00e1 as not\u00edcias mais relevantes.<\/li>\n\n\n\n<li>Estamos trabalhando para que a cada semana nossa programa\u00e7\u00e3o fique mais enriquecida.<\/li>\n<\/ol>\n\n\n\n<div style=\"height:19px\" aria-hidden=\"true\" class=\"wp-block-spacer\"><\/div>\n\n\n\n<p><em>Se voc\u00ea tem sugest\u00f5es para a nossa programa\u00e7\u00e3o clique em contato e deixe sua mensagem.<\/em><\/p>\n","protected":false},"excerpt":{"rendered":"<p>Confira nossa programa\u00e7\u00e3o di\u00e1ria 00:00 Prega\u00e7\u00e3o ReformadaPrega\u00e7\u00f5es b\u00edblicas com pastores de confiss\u00e3o reformada. 01:00 Programa\u00e7\u00e3o MusicalM\u00fasicas de qualidade e fundamentadas nas Escrituras. 02:00 TriviumCastUm podcast para pais educadores. 02:20 Grandes PerguntasPerguntas sobre quest\u00f5es pr\u00e1ticas com respostas a partir de uma perspectiva. 02:40 Leitura CompartilhadaComent\u00e1rios e aplica\u00e7\u00f5es sobre obras relacionadas \u00e0 autoeduca\u00e7\u00e3o. 03:00 Palestras EdificantesPalestras sobre [&hellip;]<\/p>\n","protected":false},"author":1,"featured_media":0,"parent":0,"menu_order":0,"comment_status":"closed","ping_status":"closed","template":"elementor_theme","meta":[],"aioseo_notices":[],"_links":{"self":[{"href":"https:\/\/perspectivacrista.com\/site\/wp-json\/wp\/v2\/pages\/4083"}],"collection":[{"href":"https:\/\/perspectivacrista.com\/site\/wp-json\/wp\/v2\/pages"}],"about":[{"href":"https:\/\/perspectivacrista.com\/site\/wp-json\/wp\/v2\/types\/page"}],"author":[{"embeddable":true,"href":"https:\/\/perspectivacrista.com\/site\/wp-json\/wp\/v2\/users\/1"}],"replies":[{"embeddable":true,"href":"https:\/\/perspectivacrista.com\/site\/wp-json\/wp\/v2\/comments?post=4083"}],"version-history":[{"count":37,"href":"https:\/\/perspectivacrista.com\/site\/wp-json\/wp\/v2\/pages\/4083\/revisions"}],"predecessor-version":[{"id":4127,"href":"https:\/\/perspectivacrista.com\/site\/wp-json\/wp\/v2\/pages\/4083\/revisions\/4127"}],"wp:attachment":[{"href":"https:\/\/perspectivacrista.com\/site\/wp-json\/wp\/v2\/media?parent=4083"}],"curies":[{"name":"wp","href":"https:\/\/api.w.org\/{rel}","templated":true}]}}