{"id":4034,"date":"2023-01-11T16:37:41","date_gmt":"2023-01-11T19:37:41","guid":{"rendered":"https:\/\/perspectivacrista.com\/site\/?page_id=4034"},"modified":"2023-01-11T16:37:41","modified_gmt":"2023-01-11T19:37:41","slug":"quero-apoiar","status":"publish","type":"page","link":"https:\/\/perspectivacrista.com\/site\/quero-apoiar\/","title":{"rendered":"Quero Apoiar"},"content":{"rendered":"\n<p>Nosso objetivo \u00e9 servir \u00e0 Igreja de Cristo promovendo informa\u00e7\u00e3o de confian\u00e7a e contribuindo para a forma\u00e7\u00e3o, b\u00edblica, teol\u00f3gica e cultural de nossos ouvintes.<\/p>\n\n\n\n<p>Temos muito trabalho pela frente e precisamos de seu apoio.<\/p>\n\n\n\n<p>Voc\u00ea pode nos apoiar das seguintes formas:<\/p>\n\n\n\n<ul>\n<li>Orando por este projeto e seus idealizadores;<\/li>\n\n\n\n<li>Ajudando a divulgar nossos conte\u00fados nas redes sociais;<\/li>\n\n\n\n<li>Deixando coment\u00e1rios para encorajar nossos colaboradores;<\/li>\n\n\n\n<li>Com ajuda financeira para a manuten\u00e7\u00e3o dos servidores da r\u00e1dio e do site, para a compra de equipamentos, para campanhas publicit\u00e1rias. Para ajudar financeiramente, <strong><a href=\"https:\/\/iti.itau\/receber-pix\/?chargeId=25a82cb7-0c8f-4d6f-940f-3e9bece77d56\" data-type=\"URL\" data-id=\"https:\/\/iti.itau\/receber-pix\/?chargeId=25a82cb7-0c8f-4d6f-940f-3e9bece77d56\" target=\"_blank\" rel=\"noreferrer noopener\">clique aqui<\/a><\/strong>.<\/li>\n<\/ul>\n","protected":false},"excerpt":{"rendered":"<p>Nosso objetivo \u00e9 servir \u00e0 Igreja de Cristo promovendo informa\u00e7\u00e3o de confian\u00e7a e contribuindo para a forma\u00e7\u00e3o, b\u00edblica, teol\u00f3gica e cultural de nossos ouvintes. Temos muito trabalho pela frente e precisamos de seu apoio. Voc\u00ea pode nos apoiar das seguintes formas:<\/p>\n","protected":false},"author":1,"featured_media":0,"parent":0,"menu_order":0,"comment_status":"closed","ping_status":"closed","template":"","meta":[],"aioseo_notices":[],"_links":{"self":[{"href":"https:\/\/perspectivacrista.com\/site\/wp-json\/wp\/v2\/pages\/4034"}],"collection":[{"href":"https:\/\/perspectivacrista.com\/site\/wp-json\/wp\/v2\/pages"}],"about":[{"href":"https:\/\/perspectivacrista.com\/site\/wp-json\/wp\/v2\/types\/page"}],"author":[{"embeddable":true,"href":"https:\/\/perspectivacrista.com\/site\/wp-json\/wp\/v2\/users\/1"}],"replies":[{"embeddable":true,"href":"https:\/\/perspectivacrista.com\/site\/wp-json\/wp\/v2\/comments?post=4034"}],"version-history":[{"count":1,"href":"https:\/\/perspectivacrista.com\/site\/wp-json\/wp\/v2\/pages\/4034\/revisions"}],"predecessor-version":[{"id":4035,"href":"https:\/\/perspectivacrista.com\/site\/wp-json\/wp\/v2\/pages\/4034\/revisions\/4035"}],"wp:attachment":[{"href":"https:\/\/perspectivacrista.com\/site\/wp-json\/wp\/v2\/media?parent=4034"}],"curies":[{"name":"wp","href":"https:\/\/api.w.org\/{rel}","templated":true}]}}