{"id":3575,"date":"2022-06-20T10:29:13","date_gmt":"2022-06-20T10:29:13","guid":{"rendered":"https:\/\/demo.ovatheme.com\/podover\/?page_id=3575"},"modified":"2023-01-11T18:54:40","modified_gmt":"2023-01-11T21:54:40","slug":"season-list","status":"publish","type":"page","link":"https:\/\/perspectivacrista.com\/site\/season-list\/","title":{"rendered":"Season List"},"content":{"rendered":"\t\t<div data-elementor-type=\"wp-page\" data-elementor-id=\"3575\" class=\"elementor elementor-3575\">\n\t\t\t\t\t\t\t\t\t<section class=\"elementor-section elementor-top-section elementor-element elementor-element-d5d1e35 elementor-section-boxed elementor-section-height-default elementor-section-height-default wpr-particle-no wpr-jarallax-no wpr-parallax-no wpr-sticky-section-no\" data-id=\"d5d1e35\" data-element_type=\"section\" data-settings=\"{&quot;_ha_eqh_enable&quot;:false}\">\n\t\t\t\t\t\t<div class=\"elementor-container elementor-column-gap-default\">\n\t\t\t\t\t<div class=\"elementor-column elementor-col-100 elementor-top-column elementor-element elementor-element-2c0c705\" data-id=\"2c0c705\" data-element_type=\"column\">\n\t\t\t<div class=\"elementor-widget-wrap elementor-element-populated\">\n\t\t\t\t\t\t\t\t<div class=\"elementor-element elementor-element-df1b342 elementor-tabs-view-horizontal elementor-widget elementor-widget-tabs\" data-id=\"df1b342\" data-element_type=\"widget\" data-widget_type=\"tabs.default\">\n\t\t\t\t<div class=\"elementor-widget-container\">\n\t\t\t<style>\/*! elementor - v3.12.1 - 02-04-2023 *\/\n.elementor-widget-tabs.elementor-tabs-view-vertical .elementor-tabs-wrapper{width:25%;flex-shrink:0}.elementor-widget-tabs.elementor-tabs-view-vertical .elementor-tab-desktop-title.elementor-active{border-right-style:none}.elementor-widget-tabs.elementor-tabs-view-vertical .elementor-tab-desktop-title.elementor-active:after,.elementor-widget-tabs.elementor-tabs-view-vertical .elementor-tab-desktop-title.elementor-active:before{height:999em;width:0;right:0;border-right-style:solid}.elementor-widget-tabs.elementor-tabs-view-vertical .elementor-tab-desktop-title.elementor-active:before{top:0;transform:translateY(-100%)}.elementor-widget-tabs.elementor-tabs-view-vertical .elementor-tab-desktop-title.elementor-active:after{top:100%}.elementor-widget-tabs.elementor-tabs-view-horizontal .elementor-tab-desktop-title{display:table-cell}.elementor-widget-tabs.elementor-tabs-view-horizontal .elementor-tab-desktop-title.elementor-active{border-bottom-style:none}.elementor-widget-tabs.elementor-tabs-view-horizontal .elementor-tab-desktop-title.elementor-active:after,.elementor-widget-tabs.elementor-tabs-view-horizontal .elementor-tab-desktop-title.elementor-active:before{bottom:0;height:0;width:999em;border-bottom-style:solid}.elementor-widget-tabs.elementor-tabs-view-horizontal .elementor-tab-desktop-title.elementor-active:before{right:100%}.elementor-widget-tabs.elementor-tabs-view-horizontal .elementor-tab-desktop-title.elementor-active:after{left:100%}.elementor-widget-tabs .elementor-tab-content,.elementor-widget-tabs .elementor-tab-title,.elementor-widget-tabs .elementor-tab-title:after,.elementor-widget-tabs .elementor-tab-title:before,.elementor-widget-tabs .elementor-tabs-content-wrapper{border:1px #d5d8dc}.elementor-widget-tabs .elementor-tabs{text-align:left}.elementor-widget-tabs .elementor-tabs-wrapper{overflow:hidden}.elementor-widget-tabs .elementor-tab-title{cursor:pointer;outline:var(--focus-outline,none)}.elementor-widget-tabs .elementor-tab-desktop-title{position:relative;padding:20px 25px;font-weight:700;line-height:1;border:solid transparent}.elementor-widget-tabs .elementor-tab-desktop-title.elementor-active{border-color:#d5d8dc}.elementor-widget-tabs .elementor-tab-desktop-title.elementor-active:after,.elementor-widget-tabs .elementor-tab-desktop-title.elementor-active:before{display:block;content:\"\";position:absolute}.elementor-widget-tabs .elementor-tab-desktop-title:focus-visible{border:1px solid #000}.elementor-widget-tabs .elementor-tab-mobile-title{padding:10px;cursor:pointer}.elementor-widget-tabs .elementor-tab-content{padding:20px;display:none}@media (max-width:767px){.elementor-tabs .elementor-tab-content,.elementor-tabs .elementor-tab-title{border-style:solid solid none}.elementor-tabs .elementor-tabs-wrapper{display:none}.elementor-tabs .elementor-tabs-content-wrapper{border-bottom-style:solid}.elementor-tabs .elementor-tab-content{padding:10px}}@media (min-width:768px){.elementor-widget-tabs.elementor-tabs-view-vertical .elementor-tabs{display:flex}.elementor-widget-tabs.elementor-tabs-view-vertical .elementor-tabs-wrapper{flex-direction:column}.elementor-widget-tabs.elementor-tabs-view-vertical .elementor-tabs-content-wrapper{flex-grow:1;border-style:solid solid solid none}.elementor-widget-tabs.elementor-tabs-view-horizontal .elementor-tab-content{border-style:none solid solid}.elementor-widget-tabs.elementor-tabs-alignment-center .elementor-tabs-wrapper,.elementor-widget-tabs.elementor-tabs-alignment-end .elementor-tabs-wrapper,.elementor-widget-tabs.elementor-tabs-alignment-stretch .elementor-tabs-wrapper{display:flex}.elementor-widget-tabs.elementor-tabs-alignment-center .elementor-tabs-wrapper{justify-content:center}.elementor-widget-tabs.elementor-tabs-alignment-end .elementor-tabs-wrapper{justify-content:flex-end}.elementor-widget-tabs.elementor-tabs-alignment-stretch.elementor-tabs-view-horizontal .elementor-tab-title{width:100%}.elementor-widget-tabs.elementor-tabs-alignment-stretch.elementor-tabs-view-vertical .elementor-tab-title{height:100%}.elementor-tabs .elementor-tab-mobile-title{display:none}}<\/style>        <div class=\"elementor-tabs\">\n            <div class=\"elementor-tabs-wrapper\" role=\"tablist\" >\n                                    <div id=\"elementor-tab-title-2331\" class=\"elementor-tab-title elementor-tab-desktop-title\" aria-selected=\"true\" data-tab=\"1\" role=\"tab\" tabindex=\"0\" aria-controls=\"elementor-tab-content-2331\" aria-expanded=\"false\">DOM<\/div>\n                                    <div id=\"elementor-tab-title-2332\" class=\"elementor-tab-title elementor-tab-desktop-title\" aria-selected=\"false\" data-tab=\"2\" role=\"tab\" tabindex=\"-1\" aria-controls=\"elementor-tab-content-2332\" aria-expanded=\"false\">SEG<\/div>\n                                    <div id=\"elementor-tab-title-2333\" class=\"elementor-tab-title elementor-tab-desktop-title\" aria-selected=\"false\" data-tab=\"3\" role=\"tab\" tabindex=\"-1\" aria-controls=\"elementor-tab-content-2333\" aria-expanded=\"false\">TER<\/div>\n                                    <div id=\"elementor-tab-title-2334\" class=\"elementor-tab-title elementor-tab-desktop-title\" aria-selected=\"false\" data-tab=\"4\" role=\"tab\" tabindex=\"-1\" aria-controls=\"elementor-tab-content-2334\" aria-expanded=\"false\">QUA<\/div>\n                                    <div id=\"elementor-tab-title-2335\" class=\"elementor-tab-title elementor-tab-desktop-title\" aria-selected=\"false\" data-tab=\"5\" role=\"tab\" tabindex=\"-1\" aria-controls=\"elementor-tab-content-2335\" aria-expanded=\"false\">QUI<\/div>\n                                    <div id=\"elementor-tab-title-2336\" class=\"elementor-tab-title elementor-tab-desktop-title\" aria-selected=\"false\" data-tab=\"6\" role=\"tab\" tabindex=\"-1\" aria-controls=\"elementor-tab-content-2336\" aria-expanded=\"false\">SEX<\/div>\n                                    <div id=\"elementor-tab-title-2337\" class=\"elementor-tab-title elementor-tab-desktop-title\" aria-selected=\"false\" data-tab=\"7\" role=\"tab\" tabindex=\"-1\" aria-controls=\"elementor-tab-content-2337\" aria-expanded=\"false\">SAB<\/div>\n                            <\/div>\n            <div class=\"elementor-tabs-content-wrapper\" role=\"tablist\" aria-orientation=\"vertical\">\n                                    <div class=\"elementor-tab-title elementor-tab-mobile-title\" aria-selected=\"true\" data-tab=\"1\" role=\"tab\" tabindex=\"0\" aria-controls=\"elementor-tab-content-2331\" aria-expanded=\"false\">DOM<\/div>\n                    <div id=\"elementor-tab-content-2331\" class=\"elementor-tab-content elementor-clearfix\" data-tab=\"1\" role=\"tabpanel\" aria-labelledby=\"elementor-tab-title-2331\" tabindex=\"0\" hidden=\"false\">Lorem ipsum dolor sit amet, consectetur adipiscing elit. Ut elit tellus, luctus nec ullamcorper mattis, pulvinar dapibus leo.<\/div>\n                                    <div class=\"elementor-tab-title elementor-tab-mobile-title\" aria-selected=\"false\" data-tab=\"2\" role=\"tab\" tabindex=\"-1\" aria-controls=\"elementor-tab-content-2332\" aria-expanded=\"false\">SEG<\/div>\n                    <div id=\"elementor-tab-content-2332\" class=\"elementor-tab-content elementor-clearfix\" data-tab=\"2\" role=\"tabpanel\" aria-labelledby=\"elementor-tab-title-2332\" tabindex=\"0\" hidden=\"hidden\">Lorem ipsum dolor sit amet, consectetur adipiscing elit. Ut elit tellus, luctus nec ullamcorper mattis, pulvinar dapibus leo.<\/div>\n                                    <div class=\"elementor-tab-title elementor-tab-mobile-title\" aria-selected=\"false\" data-tab=\"3\" role=\"tab\" tabindex=\"-1\" aria-controls=\"elementor-tab-content-2333\" aria-expanded=\"false\">TER<\/div>\n                    <div id=\"elementor-tab-content-2333\" class=\"elementor-tab-content elementor-clearfix\" data-tab=\"3\" role=\"tabpanel\" aria-labelledby=\"elementor-tab-title-2333\" tabindex=\"0\" hidden=\"hidden\">Tab Content<\/div>\n                                    <div class=\"elementor-tab-title elementor-tab-mobile-title\" aria-selected=\"false\" data-tab=\"4\" role=\"tab\" tabindex=\"-1\" aria-controls=\"elementor-tab-content-2334\" aria-expanded=\"false\">QUA<\/div>\n                    <div id=\"elementor-tab-content-2334\" class=\"elementor-tab-content elementor-clearfix\" data-tab=\"4\" role=\"tabpanel\" aria-labelledby=\"elementor-tab-title-2334\" tabindex=\"0\" hidden=\"hidden\">Tab Content<\/div>\n                                    <div class=\"elementor-tab-title elementor-tab-mobile-title\" aria-selected=\"false\" data-tab=\"5\" role=\"tab\" tabindex=\"-1\" aria-controls=\"elementor-tab-content-2335\" aria-expanded=\"false\">QUI<\/div>\n                    <div id=\"elementor-tab-content-2335\" class=\"elementor-tab-content elementor-clearfix\" data-tab=\"5\" role=\"tabpanel\" aria-labelledby=\"elementor-tab-title-2335\" tabindex=\"0\" hidden=\"hidden\">Tab Content<\/div>\n                                    <div class=\"elementor-tab-title elementor-tab-mobile-title\" aria-selected=\"false\" data-tab=\"6\" role=\"tab\" tabindex=\"-1\" aria-controls=\"elementor-tab-content-2336\" aria-expanded=\"false\">SEX<\/div>\n                    <div id=\"elementor-tab-content-2336\" class=\"elementor-tab-content elementor-clearfix\" data-tab=\"6\" role=\"tabpanel\" aria-labelledby=\"elementor-tab-title-2336\" tabindex=\"0\" hidden=\"hidden\">Tab Content<\/div>\n                                    <div class=\"elementor-tab-title elementor-tab-mobile-title\" aria-selected=\"false\" data-tab=\"7\" role=\"tab\" tabindex=\"-1\" aria-controls=\"elementor-tab-content-2337\" aria-expanded=\"false\">SAB<\/div>\n                    <div id=\"elementor-tab-content-2337\" class=\"elementor-tab-content elementor-clearfix\" data-tab=\"7\" role=\"tabpanel\" aria-labelledby=\"elementor-tab-title-2337\" tabindex=\"0\" hidden=\"hidden\">Tab Content<\/div>\n                            <\/div>\n        <\/div>\n        \t\t<\/div>\n\t\t\t\t<\/div>\n\t\t\t\t\t<\/div>\n\t\t<\/div>\n\t\t\t\t\t\t\t<\/div>\n\t\t<\/section>\n\t\t\t\t<section class=\"elementor-section elementor-top-section elementor-element elementor-element-dcd3e70 elementor-section-boxed elementor-section-height-default elementor-section-height-default wpr-particle-no wpr-jarallax-no wpr-parallax-no wpr-sticky-section-no\" data-id=\"dcd3e70\" data-element_type=\"section\" data-settings=\"{&quot;_ha_eqh_enable&quot;:false}\">\n\t\t\t\t\t\t<div class=\"elementor-container elementor-column-gap-default\">\n\t\t\t\t\t<div class=\"elementor-column elementor-col-50 elementor-top-column elementor-element elementor-element-42f0299\" data-id=\"42f0299\" data-element_type=\"column\">\n\t\t\t<div class=\"elementor-widget-wrap elementor-element-populated\">\n\t\t\t\t\t\t\t\t<div class=\"elementor-element elementor-element-06b946e elementor-widget elementor-widget-ovau_elementor_audio_seasons\" data-id=\"06b946e\" data-element_type=\"widget\" data-widget_type=\"ovau_elementor_audio_seasons.default\">\n\t\t\t\t<div class=\"elementor-widget-container\">\n\t\t\t<!-- Audio Seasons -->\n    <div class=\"ova-audio-seasons\">\n        <div class=\"ova-img\">\n            <img decoding=\"async\" src=\"https:\/\/demo.ovatheme.com\/podover\/wp-content\/uploads\/2022\/06\/podcast-6.jpg\" alt=\"Image\">\n        <\/div>\n                    <h2 class=\"title-season\">\n                <a href=\"https:\/\/perspectivacrista.com\/site\/audio\/\">\n                    All                <\/a>\n            <\/h2>\n                <ul class=\"items\">\n            \n            <li class=\"ovau-item-seasons\" \n                data-type=\"oembed\" \n                data-audio-id=\"3555\" \n                data-player-id=\"775865008130987514\" \n                data-title=\"Por que falar de masculinidade b\u00edblica?\" \n                data-host= \"&lt;a href=&quot;https:\/\/perspectivacrista.com\/site\/audio-host\/elienai-b-batista\/&quot;&gt;Elienai B. Batista&lt;\/a&gt;\"\n                data-episode= \"Epis\u00f3dios 01\"\n                data-category=\"&lt;a href=&quot;https:\/\/perspectivacrista.com\/site\/category-audio\/masculinidade-em-prosa\/&quot;&gt;Masculinidade em Prosa&lt;\/a&gt;\" \n                data-src=\"https:\/\/perspectivacrista.com\/site\/wp-content\/uploads\/2023\/01\/Masculinida-em-Prosa-Episodio-01.mp3\" \n                data-play-icon=\"fas fa-play\" \n                data-pause-icon=\"fas fa-pause\" \n                data-loop=\"true\" \n                data-skip-back=\"15\" \n                data-jump-forward=\"15\" \n                data-start-volume=\"0.5\">\n                <div class=\"ovau-btn-play\" data-id=\"3555\">\n                    <i class=\"fas fa-play\"><\/i>\n                    <div class=\"loader\">\n                        <span class=\"stroke\"><\/span>\n                        <span class=\"stroke\"><\/span>\n                        <span class=\"stroke\"><\/span>\n                        <span class=\"stroke\"><\/span>\n                        <span class=\"stroke\"><\/span>\n                    <\/div>\n                <\/div>\n                <div class=\"ovau-content\">\n                                            <a class=\"label\" href=\"https:\/\/perspectivacrista.com\/site\/audio-host\/elienai-b-batista\/\">\n                            <span>Elienai B. Batista<\/span>\n                            <span class=\"separator label\">.<\/span>\n                        <\/a>\n                                                                <span class=\"label\">Epis\u00f3dios 01<\/span>\n                                                                <h2 class=\"title\">\n                            <a href=\"https:\/\/perspectivacrista.com\/site\/audio\/por-que-falar-de-masculinidade-biblica\/\">\n                                Por que falar de masculinidade b\u00edblica?                            <\/a>\n                        <\/h2>\n                                    <\/div>\n                <audio id=\"id_775865008130987514\" src=\"https:\/\/perspectivacrista.com\/site\/wp-content\/uploads\/2023\/01\/Masculinida-em-Prosa-Episodio-01.mp3\"><\/audio>\n            <\/li>\n\n            \n            <li class=\"ovau-item-seasons\" \n                data-type=\"oembed\" \n                data-audio-id=\"5391\" \n                data-player-id=\"590338680642504702\" \n                data-title=\"O lar crist\u00e3o e a adora\u00e7\u00e3o familiar | TriviumCast &#8211; Epis\u00f3dio 14\" \n                data-host= \"&lt;a href=&quot;https:\/\/perspectivacrista.com\/site\/audio-host\/gabrielly-meir\/&quot;&gt;Gabrielly Meir&lt;\/a&gt;\"\n                data-episode= \"14\"\n                data-category=\"&lt;a href=&quot;https:\/\/perspectivacrista.com\/site\/category-audio\/triviumcast\/&quot;&gt;TriviumCast&lt;\/a&gt;\" \n                data-src=\"\" \n                data-play-icon=\"fas fa-play\" \n                data-pause-icon=\"fas fa-pause\" \n                data-loop=\"true\" \n                data-skip-back=\"15\" \n                data-jump-forward=\"15\" \n                data-start-volume=\"0.5\">\n                <div class=\"ovau-btn-play\" data-id=\"5391\">\n                    <i class=\"fas fa-play\"><\/i>\n                    <div class=\"loader\">\n                        <span class=\"stroke\"><\/span>\n                        <span class=\"stroke\"><\/span>\n                        <span class=\"stroke\"><\/span>\n                        <span class=\"stroke\"><\/span>\n                        <span class=\"stroke\"><\/span>\n                    <\/div>\n                <\/div>\n                <div class=\"ovau-content\">\n                                            <a class=\"label\" href=\"https:\/\/perspectivacrista.com\/site\/audio-host\/gabrielly-meir\/\">\n                            <span>Gabrielly Meir<\/span>\n                            <span class=\"separator label\">.<\/span>\n                        <\/a>\n                                                                <span class=\"label\">14<\/span>\n                                                                <h2 class=\"title\">\n                            <a href=\"https:\/\/perspectivacrista.com\/site\/audio\/o-lar-cristao-e-a-adoracao-familiar-triviumcast-episodio-14\/\">\n                                O lar crist\u00e3o e a adora\u00e7\u00e3o familiar | TriviumCast &#8211; Epis\u00f3dio 14                            <\/a>\n                        <\/h2>\n                                    <\/div>\n                <audio id=\"id_590338680642504702\" src=\"\"><\/audio>\n            <\/li>\n\n            \n            <li class=\"ovau-item-seasons\" \n                data-type=\"oembed\" \n                data-audio-id=\"3553\" \n                data-player-id=\"156714823662564459\" \n                data-title=\"Quero namorar, quais passos devo dar?\" \n                data-host= \"&lt;a href=&quot;https:\/\/perspectivacrista.com\/site\/audio-host\/adriano-gama\/&quot;&gt;Adriano Gama&lt;\/a&gt;\"\n                data-episode= \"Epis\u00f3dio 1\"\n                data-category=\"&lt;a href=&quot;https:\/\/perspectivacrista.com\/site\/category-audio\/grandes-perguntas\/&quot;&gt;Grandes Perguntas&lt;\/a&gt;\" \n                data-src=\"https:\/\/perspectivacrista.com\/site\/wp-content\/uploads\/2023\/01\/Quero-namorar-quais-passos-devo-dar.mp3\" \n                data-play-icon=\"fas fa-play\" \n                data-pause-icon=\"fas fa-pause\" \n                data-loop=\"true\" \n                data-skip-back=\"15\" \n                data-jump-forward=\"15\" \n                data-start-volume=\"0.5\">\n                <div class=\"ovau-btn-play\" data-id=\"3553\">\n                    <i class=\"fas fa-play\"><\/i>\n                    <div class=\"loader\">\n                        <span class=\"stroke\"><\/span>\n                        <span class=\"stroke\"><\/span>\n                        <span class=\"stroke\"><\/span>\n                        <span class=\"stroke\"><\/span>\n                        <span class=\"stroke\"><\/span>\n                    <\/div>\n                <\/div>\n                <div class=\"ovau-content\">\n                                            <a class=\"label\" href=\"https:\/\/perspectivacrista.com\/site\/audio-host\/adriano-gama\/\">\n                            <span>Adriano Gama<\/span>\n                            <span class=\"separator label\">.<\/span>\n                        <\/a>\n                                                                <span class=\"label\">Epis\u00f3dio 1<\/span>\n                                                                <h2 class=\"title\">\n                            <a href=\"https:\/\/perspectivacrista.com\/site\/audio\/quero-namorar-quais-passos-devo-dar\/\">\n                                Quero namorar, quais passos devo dar?                            <\/a>\n                        <\/h2>\n                                    <\/div>\n                <audio id=\"id_156714823662564459\" src=\"https:\/\/perspectivacrista.com\/site\/wp-content\/uploads\/2023\/01\/Quero-namorar-quais-passos-devo-dar.mp3\"><\/audio>\n            <\/li>\n\n                    <\/ul>\n                    <div class=\"view-all\">\n                                    <a href=\"https:\/\/perspectivacrista.com\/site\/audio\/\">\n                        View all episodes                        <i aria-hidden=\"true\" class=\"ovaicon ovaicon-next-4\"><\/i>\n                    <\/a>\n                            <\/div>\n            <\/div>\n\t\t<\/div>\n\t\t\t\t<\/div>\n\t\t\t\t\t<\/div>\n\t\t<\/div>\n\t\t\t\t<div class=\"elementor-column elementor-col-50 elementor-top-column elementor-element elementor-element-6a6c0be\" data-id=\"6a6c0be\" data-element_type=\"column\">\n\t\t\t<div class=\"elementor-widget-wrap elementor-element-populated\">\n\t\t\t\t\t\t\t\t<div class=\"elementor-element elementor-element-cc20462 elementor-widget elementor-widget-ovau_elementor_audio_seasons\" data-id=\"cc20462\" data-element_type=\"widget\" data-widget_type=\"ovau_elementor_audio_seasons.default\">\n\t\t\t\t<div class=\"elementor-widget-container\">\n\t\t\t<!-- Audio Seasons -->\n    <p class=\"post-not-found\">Not found!<\/p>\n\t\t<\/div>\n\t\t\t\t<\/div>\n\t\t\t\t\t<\/div>\n\t\t<\/div>\n\t\t\t\t\t\t\t<\/div>\n\t\t<\/section>\n\t\t\t\t\t\t\t<\/div>\n\t\t","protected":false},"excerpt":{"rendered":"<p>DOM SEG TER QUA QUI SEX SAB DOM Lorem ipsum dolor sit amet, consectetur adipiscing elit. Ut elit tellus, luctus nec ullamcorper mattis, pulvinar dapibus leo. SEG Lorem ipsum dolor sit amet, consectetur adipiscing elit. Ut elit tellus, luctus nec ullamcorper mattis, pulvinar dapibus leo. TER Tab Content QUA Tab Content QUI Tab Content SEX [&hellip;]<\/p>\n","protected":false},"author":1,"featured_media":0,"parent":0,"menu_order":0,"comment_status":"closed","ping_status":"closed","template":"elementor_header_footer","meta":[],"aioseo_notices":[],"_links":{"self":[{"href":"https:\/\/perspectivacrista.com\/site\/wp-json\/wp\/v2\/pages\/3575"}],"collection":[{"href":"https:\/\/perspectivacrista.com\/site\/wp-json\/wp\/v2\/pages"}],"about":[{"href":"https:\/\/perspectivacrista.com\/site\/wp-json\/wp\/v2\/types\/page"}],"author":[{"embeddable":true,"href":"https:\/\/perspectivacrista.com\/site\/wp-json\/wp\/v2\/users\/1"}],"replies":[{"embeddable":true,"href":"https:\/\/perspectivacrista.com\/site\/wp-json\/wp\/v2\/comments?post=3575"}],"version-history":[{"count":4,"href":"https:\/\/perspectivacrista.com\/site\/wp-json\/wp\/v2\/pages\/3575\/revisions"}],"predecessor-version":[{"id":4082,"href":"https:\/\/perspectivacrista.com\/site\/wp-json\/wp\/v2\/pages\/3575\/revisions\/4082"}],"wp:attachment":[{"href":"https:\/\/perspectivacrista.com\/site\/wp-json\/wp\/v2\/media?parent=3575"}],"curies":[{"name":"wp","href":"https:\/\/api.w.org\/{rel}","templated":true}]}}